-2)/(-3))/(c/b). Let s(t) = t**2 + 7*t - 7. Calculate s(h).
-7
Let u(t) be the third derivative of -1/12*t**4 + 0 + 0*t - 2/3*t**3 + 1/30*t**5 + 123*t**2 + 1/120*t**6. What is u(-3)?
-7
Let j(t) = -t**2 + 12*t - 4. Let x = -188 + 35. Let g = 164 + x. Give j(g).
7
Let o(d) = -12*d + 10. Let a(t) = 12*t - 13. Let q(b) = -5*a(b) - 6*o(b). Give q(2).
29
Suppose 9*j = 12*j + 5*v - 690, v - 453 = -2*j. Let o = -226 + j. Let a(l) = l. Calculate a(o).
-1
Let k(j) = -18*j + 15. Let x(z) = -18*z + 17. Let h(r) = 6*k(r) - 5*x(r). Let f(m) = 8*m - 3. Let l(v) = -7*f(v) - 4*h(v). Determine l(-1).
-15
Let i(j) be the first derivative of -j**4/4 + 11*j**3/3 - 23*j**2/2 - 11*j + 67. Give i(8).
-3
Let b(o) be the first derivative of -o**4/4 + 14*o**3/3 - 8*o**2 + 35*o - 4363. Give b(13).
-4
Let r(t) = -31*t + 1. Suppose 3*m = 5*u - 15, 5*m - 4*m + 5 = 0. Let x be (-23)/(-46)*(u - -2). What is r(x)?
-30
Let x(q) = -q**2 - 12*q - 29. Let v be (-3)/(-18) + (-2501)/246. Give x(v).
-9
Let s(u) be the first derivative of 7*u**2/2 + 65*u + 38. What is s(-6)?
23
Let s(z) be the second derivative of -z**5/20 - 11*z**4/12 - 13*z**3/6 - 27*z**2/2 + 344*z. Determine s(-10).
3
Let h(p) = 2*p**3 - 4*p - 1. Let c be (-6)/75 + -3 + (-189)/(-175). Calculate h(c).
-9
Let z(b) = -5*b - 37. Let a be (1 - (27/6 - 4))/(5/(-70)). Calculate z(a).
-2
Suppose 5*n = 4*v - 48, 35*n + 4*v - 12 = 31*n. Let q(o) = 10*o + 48. Give q(n).
8
Let t(k) = -2*k + 12. Suppose 0 = o + 3, 3*z - 7*o = -12*o + 81. Let p be 8/(-1 + -3) + z. Suppose -5*w + 20 = -p. Give t(w).
-8
Suppose 84 = -0*v - 6*v. Let b be (v/(-42))/(1/(-12)). Let j(w) = -4*w**2 + 2 + 6*w - 4*w**2 + 12*w**2 - 3*w**2. Determine j(b).
-6
Let s(c) = -5*c**2 + 10*c + 14. Let f(q) be the first derivative of 2*q**3/3 - 5*q**2/2 - 6*q + 57. Let i(z) = -7*f(z) - 3*s(z). What is i(-4)?
-4
Let o(m) = m. Let p(z) = -7*z - 7. Suppose -1 = 25*u - 26. Let c = -11 - -17. Let r(k) = c*o(k) + u*p(k). Give r(-3).
-4
Suppose -9969*k - b = -9972*k - 10, 4*k - 4*b = 0. Let a(j) = 2*j**3 - 6*j**2 - 2*j - 3*j**3 + 1 - 3. Calculate a(k).
-17
Let f(k) be the first derivative of 2*k**2 - 2*k - 3. Suppose w + 12 = 5*d - 12, 0 = 4*d + 4*w - 24. Determine f(d).
18
Let r(n) be the first derivative of 13*n**2/2 - 72*n + 10110. What is r(10)?
58
Let v(u) = -u**3 - 4*u**2 + 8*u + 5. Let d be ((-6)/(-12) - 0)*0. Let r be 10/4*(d + -6 - -4). Give v(r).
-10
Suppose 6 = 7*j - 4*j - 12*y, 3*j = -4*y - 10. Let s(r) = 9*r + 8. Calculate s(j).
-10
Let b(m) = 32*m**2 + m**3 + 0 + 18 - 15*m**2 + m. Let r = 514 - 531. Give b(r).
1
Let q(o) = o + 16. Let g = 155 + -149. Let z be g/9*-15*1. Give q(z).
6
Let m(v) = v**2 + 14*v + 26. Suppose 622*l - 66 = 628*l. Give m(l).
-7
Let r(n) = 15*n + 88. Let b(u) = u - 45. Let y be b(39). Let q be r(y). Let z(m) be the second derivative of -m**3/2 + m**2/2 + m. Calculate z(q).
7
Let u(k) be the first derivative of k**4/4 - 17*k**3/3 - 39*k**2 + 20*k - 1890. Give u(-4).
-4
Suppose -3 = -2*p + g, -p + 5*p - 4*g = 4. Let w(q) = 20*q**2 + 26*q**p - 7*q - 72*q**2 + 25*q**2 + 5. Give w(-9).
-13
Let w(s) = -s**2 + 2*s + 3. Let n(a) = -9*a - 185. Suppose -3*o = 5*z + 93, 24*o + 26 = -2*z + 20*o. Let f be n(z). Give w(f).
-5
Let i(y) = 38*y + 1. Let v(c) = -51*c - 1. Let a(d) = -4*i(d) - 3*v(d). Let p(z) = -3*z**2 + 2*z + 1. Let f be p(2). What is a(f)?
-8
Let s(b) = 3 - 46*b**2 + b + 108*b**2 + 0*b - 67*b**2 + 1. Let y(j) = j + 3. Let v be y(0). Determine s(v).
-38
Suppose -4*f = -f. Let i = f + -7. Let n(h) be the first derivative of h**3/3 + 3*h**2 - 4*h - 54. What is n(i)?
3
Suppose 0 = 3*h - 616 - 56. Let c be 2/13 + h/(-104). Let a(n) = 3 - n**3 - 719*n + 722*n + 0*n**3 + n**2. What is a(c)?
9
Let n = 63 + -60. Suppose -3*g + 6 + n = 0, -3*t - 6 = -5*g. Let q be (4/3)/((-6)/9)*t. Let i(r) = r**2 + 8*r + 1. Calculate i(q).
-11
Let b be ((-3)/(-15)*14)/(49/70). Let p(a) = -14*a + 46. Give p(b).
-10
Let o(a) = 2*a. Let x(g) = -g - 1. Let d(s) = o(s) + 3*x(s). Let n(l) = -l - 3. Let p(v) = 4*d(v) - 5*n(v). Suppose 4*u = 6*u - 6. Give p(u).
6
Let x(k) = -4*k. Let v(p) = -p + 3. Let i(f) = -2*f - 24. Let b be i(27). Let r = b - -84. Let c be v(r). Give x(c).
12
Let s(c) be the second derivative of -40*c**3/3 + c**2 - 23*c + 30. Determine s(1).
-78
Let h = 68 - 79. Let f(o) = -16*o**2 + 6*o + 10. Let u(s) = 3*s**2 - s - 2. Let v(q) = h*u(q) - 2*f(q). What is v(2)?
-4
Let z(a) be the third derivative of a**4/6 - a**3/2 - 7944*a**2. Let u be ((-40)/6)/(1/(-6)). Let d be ((-2)/4)/((-4)/u). Determine z(d).
17
Let j(m) = -4*m - 12. Suppose -3*u - 21 = -4*o - 0*o, -3*o + 21 = -4*u. Let f(v) = -v - 4. Let c(p) = u*f(p) + j(p). Calculate c(-3).
3
Let s be (248/155)/((-2)/(-5)). Suppose -3*h + 0*g = -s*g - 25, -4*g - 18 = -2*h. Let i(x) = x**2 - 6*x - 5. Give i(h).
2
Let w(m) = 7*m**3 + 17*m**2 - 24*m - 21. Let r(l) = -19*l**3 - 50*l**2 + 68*l + 63. Let o(y) = -3*r(y) - 8*w(y). Determine o(-15).
-66
Let n(b) be the third derivative of -b**4/2 - b**3 + 20*b**2 + 3. Let f(s) = 9*s + 6. Let w(p) = -5*f(p) - 4*n(p). Give w(-5).
-21
Let a(y) = -93*y + 11. Let v(s) = -4 + 77*s + 84*s - 132*s. Let g(w) = -3*a(w) - 8*v(w). What is g(-1)?
-48
Let a(v) = -14*v**3 + 3*v**2 + 3. Let y(b) = 5*b**3 - b**2 - 1. Let s(i) = -4*a(i) - 11*y(i). Let k = -114 + 82. Let t = k - -30. Give s(t).
-13
Suppose 0 = 5*b - b - 12. Suppose l = -2, -3*g - 2*l - 8 = -l. Let p be 9/g + b/6. Let z(v) = -2*v - 5. Calculate z(p).
3
Suppose 7*d = -3*m + 8*d + 12, 5*m + 4*d = 3. Let j(i) = 2*i**3 - 5*i**2 + 6*i + 1. What is j(m)?
28
Let j(c) be the first derivative of -2*c + 1/3*c**3 + 29 - 5/2*c**2. Determine j(4).
-6
Let m(h) = -3*h - 5. Let t = -2334 - -2327. Give m(t).
16
Let b(q) be the second derivative of -q**5/20 + 3*q**4/4 - q**3/2 + 3*q**2 - 13425*q. Give b(7).
83
Let x(c) = 1 + 3 - 4*c - 2*c**2 - 3*c + 3*c**2. Let l = -493 + 500. Determine x(l).
4
Suppose 5*s + 374 = 16*s. Suppose 0 = 8*n + 114 - s. Let g(w) = -w**3 - 10*w**2 + 2*w + 6. What is g(n)?
-14
Let z(r) = 5*r**2 - 52*r + 51. Let p(l) = -4*l**2 + 46*l - 51. Let g(w) = -6*p(w) - 5*z(w). Determine g(-19).
-6
Let x(m) = m**3 - 7*m**2 + 7*m + 3. Let i be x(6). Suppose 3 = 4*b - i. Let o(u) = -76*u**3 + 2*u**2 + 2*u - 3*u + 75*u**3 - 3. Determine o(b).
-15
Let w(m) be the second derivative of m**5/20 - 5*m**4/12 + m**3/2 - 2*m. Let z(o) = -789*o + 7895. Let g be z(10). Calculate w(g).
15
Let i(f) = f + 9. Suppose -4*v = 3*s - 2*v + 437, -740 = 5*s + v. Let h = -147 - s. Let b be (-1 - h - 1) + -3. Give i(b).
2
Let l = 4520 - 4513. Let i(h) = 6*h**3 - 41*h**2 - 9*h + 13. What is i(l)?
-1
Let k = 11471 + -1376519/120. Let l(f) be the third derivative of 14*f**2 + 0 + 1/60*f**5 - 1/6*f**3 - k*f**6 + 0*f**4 + 0*f. Calculate l(-1).
1
Let g(h) be the second derivative of 29*h**3/6 + 387*h**2/2 - 2*h + 718. Determine g(-13).
10
Let j(v) = -v**3 - v**2 + v + 1. Let m(u) = -5*u**3 - u**2 - 2*u - 3. Let b be (-24)/(-18)*(-12)/(-16). Let x(q) = b*m(q) - 6*j(q). Calculate x(-6).
3
Suppose -4*d - 96 = -3*f, 4*d - 66*f + 48 = -69*f. Let r(n) = n + 38. What is r(d)?
20
Let p(n) = 20*n + 168. Suppose 97*i - 16 = 96*i + 3*x, 5*x + 16 = 3*i. What is p(i)?
8
Let m(c) = -c**3 + 3*c**2 - 2*c. Let p(t) = 4*t**2 + 25*t + 27. Suppose 0 = -5*n - 41*v + 39*v - 19, 5*v + 5 = -4*n. Let h be p(n). Calculate m(h).
0
Let z(c) = -8*c - 6. Suppose p - 17*o - 32 = -12*o, 5*p - 45 = 2*o. Give z(p).
-62
Let k(p) = -2*p**2 + 461*p + 534*p - 1510*p + 144 + 418*p. What is k(-50)?
-6
Let y(o) be the first derivative of 4*o**2 - 15*o - 2655. Give y(4).
17
Let d(j) = -j**2 - 110*j - 719. Let l be d(-7). Let c(k) = -k**3 - 4*k + 3. What is c(l)?
-13
Let x = 185 + -132. Suppose z - x = -5*q - 0*z, -4*z = -2*q + 8. Let w be 4/q + 2/(-5). Let b(m) = m**2 - m + 3. Determine b(w).
3
Let o(q) = -96*q + 383. Let u = 20979 - 20975. What is o(u)?
-1
Let d(w) = -w - 1. Let t(j) = 8*j**2 - j - 38. Let y(v) = 2*d(v) - t(v). Let s(q) be the first derivative of y(q). Give s(1).
-17
Let q(r) = 13*r**3 - 3*r**2 - 5*r - 1. Let n(u) = -18*u**3 + 3*u**2 + 5*u. Let c(a) = 2*n(a) + 3*q(a). What is c(-3)?
-96
Let n = -528 + 581. Suppose 0 = -63*l + n*l + 40. Let v(g) = -3*g + 4. Determine v(l).
-8
Let x(a) = -4*a + 5. Let f(p) = 4*p - 4. Let s(d) = -4*f(d) - 3*x(d). Let r = -537 + 538. Le